of 1498.
2, 7, 107
List the prime factors of 15046.
2, 7523
What are the prime factors of 7019?
7019
List the prime factors of 496.
2, 31
List the prime factors of 6359.
6359
List the prime factors of 3719.
3719
List the prime factors of 28644.
2, 3, 7, 11, 31
What are the prime factors of 3341?
13, 257
What are the prime factors of 52624?
2, 11, 13, 23
What are the prime factors of 724?
2, 181
List the prime factors of 1039.
1039
What are the prime factors of 722?
2, 19
What are the prime factors of 17297?
7, 353
What are the prime factors of 26487?
3, 109
What are the prime factors of 10193?
10193
What are the prime factors of 8575?
5, 7
What are the prime factors of 924?
2, 3, 7, 11
What are the prime factors of 20395?
5, 4079
List the prime factors of 23441.
11, 2131
What are the prime factors of 1922?
2, 31
List the prime factors of 9531.
3, 353
List the prime factors of 3267.
3, 11
List the prime factors of 2154.
2, 3, 359
List the prime factors of 164.
2, 41
What are the prime factors of 5249?
29, 181
List the prime factors of 4327.
4327
What are the prime factors of 22264?
2, 11, 23
List the prime factors of 3639.
3, 1213
What are the prime factors of 116670?
2, 3, 5, 3889
What are the prime factors of 481?
13, 37
What are the prime factors of 1842?
2, 3, 307
List the prime factors of 4950.
2, 3, 5, 11
What are the prime factors of 741?
3, 13, 19
List the prime factors of 1609.
1609
List the prime factors of 1786.
2, 19, 47
What are the prime factors of 6293?
7, 29, 31
What are the prime factors of 86?
2, 43
List the prime factors of 41245.
5, 73, 113
List the prime factors of 61044.
2, 3, 5087
What are the prime factors of 443?
443
List the prime factors of 10426.
2, 13, 401
List the prime factors of 2654.
2, 1327
What are the prime factors of 15728?
2, 983
What are the prime factors of 11443?
11443
List the prime factors of 3848.
2, 13, 37
What are the prime factors of 65802?
2, 3, 11, 997
List the prime factors of 5587.
37, 151
What are the prime factors of 59182?
2, 127, 233
List the prime factors of 11803.
11, 29, 37
List the prime factors of 908.
2, 227
List the prime factors of 26261.
26261
List the prime factors of 2899.
13, 223
List the prime factors of 903.
3, 7, 43
What are the prime factors of 79720?
2, 5, 1993
List the prime factors of 1535.
5, 307
List the prime factors of 9433.
9433
List the prime factors of 2543.
2543
List the prime factors of 35884.
2, 8971
List the prime factors of 7202.
2, 13, 277
List the prime factors of 11824.
2, 739
List the prime factors of 19283.
11, 1753
List the prime factors of 535.
5, 107
List the prime factors of 200.
2, 5
List the prime factors of 4404.
2, 3, 367
List the prime factors of 833.
7, 17
What are the prime factors of 81900?
2, 3, 5, 7, 13
What are the prime factors of 3651?
3, 1217
List the prime factors of 95357.
167, 571
What are the prime factors of 5366?
2, 2683
List the prime factors of 3521.
7, 503
What are the prime factors of 52059?
3, 7, 37, 67
List the prime factors of 32411.
32411
What are the prime factors of 497?
7, 71
What are the prime factors of 5511?
3, 11, 167
List the prime factors of 167.
167
List the prime factors of 4576.
2, 11, 13
List the prime factors of 46226.
2, 29, 797
List the prime factors of 5540.
2, 5, 277
What are the prime factors of 81158?
2, 7, 11, 17, 31
What are the prime factors of 517?
11, 47
What are the prime factors of 194?
2, 97
What are the prime factors of 711?
3, 79
List the prime factors of 1445.
5, 17
List the prime factors of 1949.
1949
What are the prime factors of 781?
11, 71
What are the prime factors of 11272?
2, 1409
List the prime factors of 13034.
2, 7, 19
List the prime factors of 78172.
2, 19543
List the prime factors of 7051.
11, 641
List the prime factors of 53761.
37, 1453
List the prime factors of 12972.
2, 3, 23, 47
What are the prime factors of 464?
2, 29
What are the prime factors of 12923?
12923
List the prime factors of 976.
2, 61
What are the prime factors of 55408?
2, 3463
What are the prime factors of 9133?
9133
What are the prime factors of 54178?
2, 103, 263
What are the prime factors of 1020?
2, 3, 5, 17
What are the prime factors of 4915?
5, 983
What are the prime factors of 79065?
3, 5, 7, 251
List the prime factors of 4253.
4253
List the prime factors of 51597.
3, 7, 13
What are the prime factors of 43917?
3, 14639
What are the prime factors of 4998?
2, 3, 7, 17
List the prime factors of 2335.
5, 467
What are the prime factors of 28593?
3, 353
List the prime factors of 2569.
7, 367
What are the prime factors of 6932?
2, 1733
What are the prime factors of 42145?
5, 8429
What are the prime factors of 22201?
149
List the prime factors of 15293.
41, 373
List the prime factors of 12949.
23, 563
List the prime factors of 73404.
2, 3, 2039
List the prime factors of 324.
2, 3
List the prime factors of 13816.
2, 11, 157
List the prime factors of 1039.
1039
List the prime factors of 25432.
2, 11, 17
What are the prime factors of 48143?
31, 1553
What are the prime factors of 498?
2, 3, 83
List the prime factors of 310.
2, 5, 31
List the prime factors of 2813.
29, 97
What are the prime factors of 2797?
2797
What are the prime factors of 1063?
1063
What are the prime factors of 287?
7, 41
What are the prime factors of 1474?
2, 11, 67
List the prime factors of 20842.
2, 17, 613
What are the prime factors of 388?
2, 97
What are the prime factors of 2324?
2, 7, 83
What are the prime factors of 726?
2, 3, 11
List the prime factors of 1464.
2, 3, 61
List the prime factors of 16527.
3, 7, 787
What are the prime factors of 29035?
5, 5807
List the prime factors of 4789.
4789
List the prime factors of 34788.
2, 3, 13, 223
List the prime factors of 23397.
3, 11, 709
What are the prime factors of 366?
2, 3, 61
What are the prime factors of 24433?
53, 461
What are the prime factors of 922?
2, 461
What are the prime factors of 28190?
2, 5, 2819
What are the prime factors of 9225?
3, 5, 41
What are the prime factors of 1095?
3, 5, 73
What are the prime factors of 25446?
2, 3, 4241
List the prime factors of 2481.
3, 827
List the prime factors of 6252.
2, 3, 521
List the prime factors of 1779.
3, 593
List the prime factors of 392.
2, 7
List the prime factors of 2991.
3, 997
What are the prime factors of 4199?
13, 17, 19
What are the prime factors of 21110?
2, 5, 2111
List the prime factors of 2068.
2, 11, 47
What are the prime factors of 973?
7, 139
What are the prime factors of 673?
673
What are the prime factors of 1774?
2, 887
What are the prime factors of 6671?
7, 953
What are the prime factors of 26230?
2, 5, 43, 61
List the prime factors of 6801.
3, 2267
List the prime factors of 18678.
2, 3, 11, 283
What are the prime factors of 1583?
1583
What are the prime factors of 1640?
2, 5, 41
List the prime factors of 1255.
5, 251
What are the prime factors of 33423?
3, 13, 857
What are the prime factors of 5366?
2, 2683
List the prime factors of 2097.
3, 233
What are the prime factors of 784?
2, 7
List the prime factors of 61400.
2, 5, 307
List the prime factors of 2187.
3
List the prime factors of 4944.
2, 3, 103
What are the prime factors of 1926?
2, 3, 107
List the prime factors of 721.
7, 103
List the prime factors of 22768.
2, 1423
What are the prime factors of 52895?
5, 71, 149
List the prime factors of 28470.
2, 3, 5, 13, 73
What are the prime factors of 64713?
3, 11, 37, 53
List the prime factors of 297.
3, 11
List the prime factors of 3367.
7, 13, 37
What are the prime factors of 532?
2, 7, 19
What are the prime factors of 5727?
3, 23, 83
List the prime factors of 995.
5, 199
List the prime factors of 72831.
3, 11, 2207
List the prime factors of 3790.
2, 5, 379
What are the prime factors of 3522?
2, 3, 587
What are the prime factors of 19345?
5, 53, 73
List the prime factors of 1530.
2, 3, 5, 17
List the prime factors of 3132.
2, 3, 29
List the prime factors of 707.
7, 101
List the prime factors of 122528.
2, 7, 547
List the prime factors of 4945.
5, 23, 43
What are the prime factors of 1586?
2, 13, 61
What are the prime factors of 1469?
13, 113
What are the prime factors of 903?
3, 7, 43
List the prime factors of 113165.
5, 13, 1741
What are the prime factors of 1107?
3, 41
What are the prime factors of 15086?
2, 19